h - 1. Let m = 28552 - 28528. What is the remainder when x(-3) is divided by m?
11
Suppose 2*x - 2*y = 6, -x + 0*x + 4*y = 0. Calculate the remainder when 334 is divided by x.
2
Suppose -3*g + 1036 = 2*p, 0 = 200*p - 202*p + 4*g + 1078. Calculate the remainder when 1595 is divided by p.
14
Suppose 3*v = -7*n + 339 + 23, -153 = -3*n - 2*v. What is the remainder when ((-64)/(-10))/((-2)/(-65)) is divided by n?
49
Suppose 0 = 3*y - 5*y + 212. Let p(u) = u**3 + 14*u**2 - 35*u + 119. Calculate the remainder when p(5) is divided by y.
101
Let j(i) = 5*i - 1. Suppose -207*c + 65636 = 45*c - 8*c. Calculate the remainder when c is divided by j(7).
31
Let g(c) = 25*c**2 - 381*c + 37. What is the remainder when g(18) is divided by 148?
95
Let v(h) = 2*h**3 - 65*h**2 + 54*h + 39. What is the remainder when v(32) is divided by 12?
11
Suppose b - 6*b = 3*q, 3*q = -3*b. Suppose -4*x + 2*j = -270, 4*x - j - 199 - 76 = q. Calculate the remainder when x is divided by 12.
10
Let n be ((-8)/60 - (-112)/(-60))*4. Let i(m) = -39*m - 266. What is the remainder when 89 is divided by i(n)?
43
Let y = -11 + 24. Let z(b) = 5*b - 56. Let q be z(-6). Let o = q - -119. Calculate the remainder when o is divided by y.
7
Suppose -2*h + 7 = 4*o + 11, -2*h - 3*o - 2 = 0. Suppose -16 = -4*b, -4*y - 2*b + 32 = -0*y. What is the remainder when ((-24)/h)/3 - (-8 - 14) is divided by y?
0
Let z(t) = 24*t**3 + 34*t**2 - 70*t + 3. Calculate the remainder when z(2) is divided by (-59)/(-4) + 2/8.
11
Calculate the remainder when 338 is divided by (-52)/130 - 217/(-10)*2.
37
Suppose -q - 14 = -12. Let n(k) = -k**2 - 37*k + 1311. What is the remainder when (-3)/q*132/9 is divided by n(22)?
9
Let t(u) = 3*u**3 + 10*u**2 - 42*u + 33. Calculate the remainder when t(6) is divided by 110.
19
Let s = -22344 - -38514. Calculate the remainder when s is divided by 27.
24
Suppose 50*b + 261 - 5413 = -62*b. What is the remainder when 411 is divided by b?
43
Let c be ((-3)/6)/(7/(-518)). Suppose 42*b - c*b = 560. What is the remainder when b is divided by 17?
10
Let z be 108/16 + ((-6)/(-8))/(-1). Suppose 2*m = 2*b + 3*b + 225, b - 5*m + 22 = 0. Let q = z - b. What is the remainder when q is divided by 16?
5
Let h(w) = 16*w**2 + 17*w**2 + 3 - 31*w**2 - 27*w + w**3. What is the remainder when 61 is divided by h(-6)?
19
Let d = 34 - 33. Let y be 1/(1/1*d/21). Calculate the remainder when 25 is divided by 195/y + 8/(-28).
7
Suppose 4*m + 103 = 5*s, -s + 3*m = -2*m - 29. Let z = s - 13. What is the remainder when 88 is divided by z?
4
Let i = 7380 + -6338. What is the remainder when 3135 is divided by i?
9
Suppose 1 = k - 5. Let g = k - -21. Let a = 55 + g. What is the remainder when a is divided by 29?
24
What is the remainder when (75/12 - 4)/((-9)/(-8640)) is divided by 47?
45
Let b = 523 - 501. Let r = 369 - b. What is the remainder when r is divided by 44?
39
Let z(b) = b**3 - b**2 - 4*b + 114. Calculate the remainder when 911 is divided by z(0).
113
Suppose 3*u = 6*g - 2*g + 1801, g = -u + 598. Suppose -10*x + 11 + u = 0. Calculate the remainder when x is divided by 16.
13
Suppose -23 = -2*p + 69. Let i(g) = 2*g - 9. Let a be i(6). What is the remainder when p is divided by 48/20*20/a?
14
Let z(d) = 11*d**3 + d**2 - d. Let g = 4794 + -4741. What is the remainder when g is divided by z(1)?
9
Let q = -1089 - -1335. Calculate the remainder when 6395 is divided by q.
245
Suppose -2*v = -763 - 591. What is the remainder when v is divided by 34?
31
Let y = 121 - 124. Let v be (1 + y)*(-6 + 1). Suppose 558 = 8*h + v*h. What is the remainder when 153 is divided by h?
29
Let h(w) = 8*w**3 - 319*w**2 - 36*w - 147. What is the remainder when h(40) is divided by (2/2 - 0)*7?
6
Let l = -1983 - -2098. What is the remainder when 329 is divided by l?
99
Let m = 656 - 922. Let s = -134 - m. What is the remainder when s is divided by 4 + 65/(-15) + 82/3?
24
Suppose -2*b - n = -278, 247*b = 249*b - 2*n - 278. What is the remainder when b is divided by 38?
25
Let g(v) = 11 - 2*v - 9 + 14 + 3*v. Let n be g(-11). Suppose -n*s + 5*k = -5, -2*s - k + 5*k = 4. Calculate the remainder when s is divided by 2.
0
Suppose -2*l + 10 = 2. Let c = 44 + -24. Suppose -c - 44 = -l*p. What is the remainder when 31 is divided by p?
15
Let q(g) = g + 7. Let y = 62 - 57. Let v be q(y). Calculate the remainder when (-650)/(-6) - (-2)/v*4 is divided by 22.
21
Let o = 18 - 10. Suppose -14*t = -o*t - 132. Let y(u) = 2*u**2 - 24*u - 14. Calculate the remainder when t is divided by y(13).
10
Suppose -7*g = -20*g + 832. Let x = -62 + g. Suppose -x*y + 126 = 3*i, 3*i + 0*y - 126 = 2*y. What is the remainder when i is divided by 11?
9
Let t(d) = 346*d - 1276. Calculate the remainder when t(12) is divided by 180.
176
Suppose -25 = 24*c - 29*c. Suppose -144 + 389 = c*h. Let s = 51 - h. Calculate the remainder when 7 is divided by s.
1
Suppose 4 - 10 = 2*d, -4*k + d = -723. Suppose 4*g + g - k = 0. Let o(l) = l**2 - l - 4. What is the remainder when g is divided by o(5)?
4
Suppose 0 = -3*u - 2*u + 95. Suppose -14 = -3*x + u. Suppose 13*s = x*s + 36. Calculate the remainder when s is divided by 5.
3
Let k be 3 - (-1)/(-3 + (-20)/(-7)). Let b(c) = c**2 + 4*c + 2. Let i be b(k). Suppose i*u + 40 = 10*u. Calculate the remainder when 9 is divided by u.
4
Suppose -55553*z + 55583*z = 3420. What is the remainder when z is divided by 24?
18
Let q = 232 + -234. Let i(c) = 2*c**2 + 8*c + 16. Suppose 0 = -9*m + 7*m + 30. Calculate the remainder when m is divided by i(q).
7
What is the remainder when 30/70 + (-2628)/(-42) is divided by 30?
3
Suppose -r - 2 = -1, 6993 = 4*i - r. Suppose 2*c - i = -0*c - 2*t, 870 = c + 5*t. Suppose 117*h = 112*h + c. What is the remainder when h is divided by 44?
43
Let j = 434 + -436. Calculate the remainder when (j/1)/((-46)/4738) is divided by 36.
26
Let s(j) = -3*j + 20. Let x be s(6). Suppose -5*a + 20 = 0, 0*c - c = x*a - 30. Calculate the remainder when (-4)/22 + (-275)/121*-19 is divided by c.
21
Suppose 0 = -4*x - z + 24, -3*x - 5*z = -1 - 0. What is the remainder when (95/35 + -1)/2*x is divided by 3?
0
Let r(v) = -v**3 + 15*v**2 - 22*v + 217. What is the remainder when r(13) is divided by 65?
9
Let f be (96/(-56))/((-2)/7) - 1. Suppose f*g - 43 = -8. Calculate the remainder when 109 is divided by g.
4
Let s(f) = -f**3 + 3*f + 1. Let y be s(-2). What is the remainder when y/(-1)*1*-15 is divided by (-108)/990*-11*20?
21
Let r = -34 + 124. Let g = 113 - r. Calculate the remainder when 2/(-4) - 162/(-4) is divided by g.
17
Suppose -4*d + 37 = 16*z + 41, 55 = 5*d + 5*z. What is the remainder when 1792 is divided by d?
7
Let a be ((-4)/(-10))/(16/10)*8. Suppose -a*i + 4*i - 30 = m, -72 = -4*i - 4*m. Calculate the remainder when 30 is divided by i.
14
Let k(z) = -z**3 - 37*z**2 + 46*z + 570. What is the remainder when k(-38) is divided by 158?
108
Let l be (3 - -87)/(-6)*3/(-15). Suppose -l*r - 2*r = -525. What is the remainder when r is divided by 54?
51
Let n(g) = -19*g**2 + 8*g + 5. Let s(d) = -d**2 + d + 1. Suppose -13*f = -6*f - 35. Let c(w) = f*s(w) - n(w). What is the remainder when c(2) is divided by 27?
23
Suppose -k = -69 - 17. Let b = k - 51. Suppose 90*m - 1029 - 591 = 0. Calculate the remainder when b is divided by m.
17
Suppose 12*s = 3*m + 324, 655*s = 656*s + m - 27. Let r(f) = 4*f**3 + f**2 + 4*f. What is the remainder when r(3) is divided by s?
21
Calculate the remainder when 295 is divided by (8 - (70 + 6))*(-48)/32.
91
Let u(a) = a**3 - 34*a**2 + 36*a - 12. Let w be u(33). Let y = 108 - w. What is the remainder when 51 is divided by y?
9
Let n(x) = x**3 - 9*x**2 + 9*x - 5. Let m be n(8). Suppose m*v = -3*v - 264. Let c = 98 + v. Calculate the remainder when c is divided by 19.
16
Suppose -5*z - i = 465, -6*z - i = -5*z + 93. Let m = z - -161. Suppose m = 3*j + 8. Calculate the remainder when 77 is divided by j.
17
Calculate the remainder when 520 is divided by (-338)/(-4) + (-84)/(-24).
80
Let a be 1 - ((-34)/10 + (-20)/(-50)). Let l(j) = 6*j**2 - 2*j + 1. Calculate the remainder when (a - 2)/((-87)/90 + 1) is divided by l(2).
18
Let d = 14946 + -13345. What is the remainder when d is divided by 263?
23
Let h = 5502 + -5296. Suppose -28 = -3*l + 35. What is the remainder when h is divided by l?
17
Sup